{"status":"ok","message-type":"work","message-version":"1.0.0","message":{"indexed":{"date-parts":[[2024,9,9]],"date-time":"2024-09-09T09:35:03Z","timestamp":1725874503744},"reference-count":0,"publisher":"Departamento de Pedagogia e Educa\u00e7\u00e3o da Universidade de \u00c9vora","content-domain":{"domain":[],"crossmark-restriction":false},"short-container-title":[],"published-print":{"date-parts":[[2004]]},"DOI":"10.5935\/972-98134-4-7.2016b001","type":"book","created":{"date-parts":[[2016,12,15]],"date-time":"2016-12-15T06:04:31Z","timestamp":1481781871000},"source":"Crossref","is-referenced-by-count":0,"title":["Aprender no Alentejo \u2013 I Encontro Regional de Educa\u00e7\u00e3o"],"prefix":"10.5935","author":[{"given":"Bravo","family":"Nico","sequence":"first","affiliation":[]},{"given":"Eduardo","family":"Costa","sequence":"first","affiliation":[]},{"given":"Lurdes Pratas","family":"Nico","sequence":"first","affiliation":[]}],"member":"3948","container-title":[],"original-title":[],"language":"pt","link":[{"URL":"http:\/\/dspace.uevora.pt\/rdpc\/bitstream\/10174\/18776\/1\/BN.L.4.pdf","content-type":"unspecified","content-version":"vor","intended-application":"similarity-checking"}],"deposited":{"date-parts":[[2016,12,26]],"date-time":"2016-12-26T13:15:23Z","timestamp":1482758123000},"score":1,"resource":{"primary":{"URL":"http:\/\/www.gnresearch.org\/doi\/10.5935\/972-98134-4-7.2016B001"}},"subtitle":[],"short-title":[],"issued":{"date-parts":[[2004]]},"references-count":0,"URL":"https:\/\/doi.org\/10.5935\/972-98134-4-7.2016b001","relation":{},"subject":[],"published":{"date-parts":[[2004]]}}}

Departamento de Pedagogia e Educação da Universidade de Évora

Aprender no Alentejo – I Encontro Regional de Educação
