{"status":"ok","message-type":"work","message-version":"1.0.0","message":{"indexed":{"date-parts":[[2022,4,2]],"date-time":"2022-04-02T08:26:15Z","timestamp":1648887975927},"reference-count":0,"publisher":"Departamento de Pedagogia e Educa\u00e7\u00e3o da Universidade de \u00c9vora","isbn-type":[{"value":"9729813663","type":"print"}],"content-domain":{"domain":[],"crossmark-restriction":false},"short-container-title":[],"published-print":{"date-parts":[[2005]]},"DOI":"10.5935\/972-98136-6-3.2016b001","type":"book","created":{"date-parts":[[2016,12,19]],"date-time":"2016-12-19T18:23:11Z","timestamp":1482171791000},"source":"Crossref","is-referenced-by-count":0,"title":["Aprender no Alentejo \u2013 III Encontro Regional de Educa\u00e7\u00e3o"],"prefix":"10.5935","author":[{"given":"Bravo","family":"Nico","sequence":"first","affiliation":[]},{"given":"Eduardo","family":"Costa","sequence":"additional","affiliation":[]},{"given":"Paulo","family":"Mendes","sequence":"additional","affiliation":[]},{"given":"Lurdes Pratas","family":"Nico","sequence":"additional","affiliation":[]},{"given":"Jorge","family":"Rodrigues","sequence":"additional","affiliation":[]}],"member":"3948","published-online":{"date-parts":[[2005]]},"container-title":[],"original-title":[],"link":[{"URL":"http:\/\/dspace.uevora.pt\/rdpc\/bitstream\/10174\/18775\/1\/BN.L.%207.pdf","content-type":"unspecified","content-version":"vor","intended-application":"similarity-checking"}],"deposited":{"date-parts":[[2016,12,28]],"date-time":"2016-12-28T18:53:45Z","timestamp":1482951225000},"score":1,"resource":{"primary":{"URL":"http:\/\/dspace.uevora.pt\/rdpc\/bitstream\/10174\/18775\/1\/BN.L.%207.pdf"}},"subtitle":[],"short-title":[],"issued":{"date-parts":[[2005]]},"ISBN":["9729813663"],"references-count":0,"URL":"https:\/\/doi.org\/10.5935\/972-98136-6-3.2016b001","relation":{},"subject":[],"published":{"date-parts":[[2005]]}}}

Departamento de Pedagogia e Educação da Universidade de Évora

Aprender no Alentejo – III Encontro Regional de Educação
