{"status":"ok","message-type":"work","message-version":"1.0.0","message":{"indexed":{"date-parts":[[2022,4,6]],"date-time":"2022-04-06T00:23:38Z","timestamp":1649204618826},"reference-count":0,"publisher":"Edi\u00e7\u00f5es S\u00edlabo","content-domain":{"domain":[],"crossmark-restriction":false},"short-container-title":[],"published-print":{"date-parts":[[2015]]},"DOI":"10.5935\/978-972-618-837-7.2016c027","type":"book-chapter","created":{"date-parts":[[2016,12,20]],"date-time":"2016-12-20T19:22:26Z","timestamp":1482261746000},"source":"Crossref","is-referenced-by-count":0,"title":["Conhecer para pensar, decidir e intervir em educa\u00e7\u00e3o: o caso de Alandroal"],"prefix":"10.5935","author":[{"given":"Bravo","family":"Nico","sequence":"first","affiliation":[]},{"given":"Lurdes Pratas","family":"Nico","sequence":"additional","affiliation":[]}],"member":"3948","published-online":{"date-parts":[[2015]]},"container-title":["Diagn\u00f3stico Social. Teoria, Metodologia e Casos Pr\u00e1ticos"],"original-title":[],"link":[{"URL":"http:\/\/dspace.uevora.pt\/rdpc\/bitstream\/10174\/18791\/1\/BN.CL.38.pdf","content-type":"unspecified","content-version":"vor","intended-application":"similarity-checking"}],"deposited":{"date-parts":[[2016,12,28]],"date-time":"2016-12-28T18:53:53Z","timestamp":1482951233000},"score":1,"resource":{"primary":{"URL":"http:\/\/dspace.uevora.pt\/rdpc\/bitstream\/10174\/18791\/1\/BN.CL.38.pdf"}},"subtitle":[],"short-title":[],"issued":{"date-parts":[[2015]]},"references-count":0,"URL":"https:\/\/doi.org\/10.5935\/978-972-618-837-7.2016c027","relation":{},"subject":[],"published":{"date-parts":[[2015]]}}}

Edições Sílabo

Conhecer para pensar, decidir e intervir em educação: o caso de Alandroal

Diagnóstico Social. Teoria, Metodologia e Casos Práticos
