{"status":"ok","message-type":"work","message-version":"1.0.0","message":{"indexed":{"date-parts":[[2022,3,29]],"date-time":"2022-03-29T05:11:24Z","timestamp":1648530684496},"reference-count":0,"publisher":"SPCE","content-domain":{"domain":[],"crossmark-restriction":false},"short-container-title":[],"published-print":{"date-parts":[[2016]]},"DOI":"10.5935\/978-989-8550-25-5.2016c076","type":"book-chapter","created":{"date-parts":[[2016,12,23]],"date-time":"2016-12-23T21:29:31Z","timestamp":1482528571000},"source":"Crossref","is-referenced-by-count":0,"title":["Universidade Popular T\u00falio Espanca: quando a educa\u00e7\u00e3o n\u00e3o formal nasce no seio do curr\u00edculo universit\u00e1rio"],"prefix":"10.5935","author":[{"given":"Bravo","family":"Nico","sequence":"first","affiliation":[]},{"given":"Lurdes Pratas","family":"Nico","sequence":"additional","affiliation":[]},{"given":"Daniela","family":"Lopes","sequence":"additional","affiliation":[]},{"given":"Patr\u00edcia","family":"Ramalho","sequence":"additional","affiliation":[]}],"member":"3948","published-online":{"date-parts":[[2016]]},"container-title":["Atas do XII Congresso da Sociedade Portuguesa de Ci\u00eancias da Educa\u00e7\u00e3o (SPCE)"],"original-title":[],"link":[{"URL":"https:\/\/dspace.uevora.pt\/rdpc\/bitstream\/10174\/19342\/1\/BN.C.60.pdf","content-type":"unspecified","content-version":"vor","intended-application":"similarity-checking"}],"deposited":{"date-parts":[[2016,12,28]],"date-time":"2016-12-28T18:56:12Z","timestamp":1482951372000},"score":1,"resource":{"primary":{"URL":"https:\/\/dspace.uevora.pt\/rdpc\/bitstream\/10174\/19342\/1\/BN.C.60.pdf"}},"subtitle":[],"short-title":[],"issued":{"date-parts":[[2016]]},"references-count":0,"URL":"https:\/\/doi.org\/10.5935\/978-989-8550-25-5.2016c076","relation":{},"subject":[],"published":{"date-parts":[[2016]]}}}

Universidade Popular Túlio Espanca: quando a educação não formal nasce no seio do currículo universitário

Patrícia

Atas do XII Congresso da Sociedade Portuguesa de Ciências da Educação (SPCE)
