{"status":"ok","message-type":"work","message-version":"1.0.0","message":{"indexed":{"date-parts":[[2022,4,3]],"date-time":"2022-04-03T09:09:31Z","timestamp":1648976971938},"reference-count":0,"publisher":"Edi\u00e7\u00f5es Pedago","content-domain":{"domain":[],"crossmark-restriction":false},"short-container-title":[],"published-print":{"date-parts":[[2013]]},"DOI":"10.5935\/978-989-8550-25-5.2016c081","type":"book-chapter","created":{"date-parts":[[2016,12,23]],"date-time":"2016-12-23T22:35:49Z","timestamp":1482532549000},"page":"173-181","source":"Crossref","is-referenced-by-count":0,"title":["A import\u00e2ncia do voluntariado na forma\u00e7\u00e3o pessoal e social dos indiv\u00edduos: o caso do Banco Alimentar Contra a Fome de \u00c9vora"],"prefix":"10.5935","author":[{"given":"Lurdes Pratas","family":"Nico","sequence":"first","affiliation":[]},{"given":"Ivone","family":"Arede","sequence":"additional","affiliation":[]}],"member":"3948","published-online":{"date-parts":[[2013]]},"container-title":["A import\u00e2ncia do voluntariado na forma\u00e7\u00e3o pessoal e social dos indiv\u00edduos: o caso do Banco Alimentar Contra a Fome de \u00c9vora"],"original-title":[],"link":[{"URL":"http:\/\/dspace.uevora.pt\/rdpc\/bitstream\/10174\/19477\/1\/LPN.AA.5.pdf","content-type":"unspecified","content-version":"vor","intended-application":"similarity-checking"}],"deposited":{"date-parts":[[2017,1,16]],"date-time":"2017-01-16T13:19:11Z","timestamp":1484572751000},"score":1,"resource":{"primary":{"URL":"http:\/\/dspace.uevora.pt\/rdpc\/bitstream\/10174\/19477\/1\/LPN.AA.5.pdf"}},"subtitle":[],"short-title":[],"issued":{"date-parts":[[2013]]},"references-count":0,"URL":"https:\/\/doi.org\/10.5935\/978-989-8550-25-5.2016c081","relation":{},"subject":[],"published":{"date-parts":[[2013]]}}}

Edições Pedago

A importância do voluntariado na formação pessoal e social dos indivíduos: o caso do Banco Alimentar Contra a Fome de Évora
