{"status":"ok","message-type":"work","message-version":"1.0.0","message":{"indexed":{"date-parts":[[2022,4,5]],"date-time":"2022-04-05T19:38:53Z","timestamp":1649187533608},"reference-count":0,"publisher":"Edi\u00e7\u00f5es Pedago e Universidade Popular T\u00falio Espanca da Universidade de \u00c9vora","isbn-type":[{"value":"9789898655738","type":"print"}],"content-domain":{"domain":[],"crossmark-restriction":false},"short-container-title":[],"published-print":{"date-parts":[[2016]]},"DOI":"10.5935\/978-989-8655-73-8.2016b001","type":"book","created":{"date-parts":[[2016,12,20]],"date-time":"2016-12-20T12:22:10Z","timestamp":1482236530000},"source":"Crossref","is-referenced-by-count":0,"title":["Janelas Curriculares de Educa\u00e7\u00e3o Popular na Universidade de \u00c9vora: para um conhecimento acad\u00e9mico mais humanista e solid\u00e1rio"],"prefix":"10.5935","author":[{"given":"Bravo","family":"Nico","sequence":"first","affiliation":[]},{"given":"Lurdes Pratas","family":"Nico","sequence":"additional","affiliation":[]}],"member":"3948","published-online":{"date-parts":[[2016]]},"container-title":[],"original-title":[],"link":[{"URL":"http:\/\/dspace.uevora.pt\/rdpc\/bitstream\/10174\/18917\/1\/BN.L.22.pdf","content-type":"unspecified","content-version":"vor","intended-application":"similarity-checking"}],"deposited":{"date-parts":[[2016,12,28]],"date-time":"2016-12-28T18:54:58Z","timestamp":1482951298000},"score":1,"resource":{"primary":{"URL":"http:\/\/dspace.uevora.pt\/rdpc\/bitstream\/10174\/18917\/1\/BN.L.22.pdf"}},"subtitle":[],"short-title":[],"issued":{"date-parts":[[2016]]},"ISBN":["9789898655738"],"references-count":0,"URL":"https:\/\/doi.org\/10.5935\/978-989-8655-73-8.2016b001","relation":{},"subject":[],"published":{"date-parts":[[2016]]}}}

Edições Pedago e Universidade Popular Túlio Espanca da Universidade de Évora

Janelas Curriculares de Educação Popular na Universidade de Évora: para um conhecimento académico mais humanista e solidário
