{"status":"ok","message-type":"work","message-version":"1.0.0","message":{"indexed":{"date-parts":[[2022,4,5]],"date-time":"2022-04-05T21:40:39Z","timestamp":1649194839906},"reference-count":0,"publisher":"Edi\u00e7\u00f5es Pedago e Universidade de \u00c9vora","content-domain":{"domain":[],"crossmark-restriction":false},"short-container-title":[],"published-print":{"date-parts":[[2016]]},"DOI":"10.5935\/978-989-8655-73-8.2016c072","type":"book-chapter","created":{"date-parts":[[2016,12,23]],"date-time":"2016-12-23T15:29:18Z","timestamp":1482506958000},"source":"Crossref","is-referenced-by-count":0,"title":["Uma d\u00e9cada de aprendizagens (1997-2007): o caso de Terena (Alandroal)"],"prefix":"10.5935","author":[{"given":"Bravo","family":"Nico","sequence":"first","affiliation":[]},{"given":"Lurdes Pratas","family":"Nico","sequence":"additional","affiliation":[]},{"given":"Ant\u00f3nia","family":"Tobias","sequence":"additional","affiliation":[]},{"given":"Florbela","family":"Valadas","sequence":"additional","affiliation":[]},{"given":"Elisabete","family":"Galhardas","sequence":"additional","affiliation":[]}],"member":"3948","published-online":{"date-parts":[[2016]]},"container-title":["Did\u00e1ticas do Alentejo"],"original-title":[],"link":[{"URL":"http:\/\/dspace.uevora.pt\/rdpc\/bitstream\/10174\/19312\/1\/BN.CL.43.pdf","content-type":"unspecified","content-version":"vor","intended-application":"similarity-checking"}],"deposited":{"date-parts":[[2016,12,28]],"date-time":"2016-12-28T13:55:09Z","timestamp":1482933309000},"score":1,"resource":{"primary":{"URL":"http:\/\/dspace.uevora.pt\/rdpc\/bitstream\/10174\/19312\/1\/BN.CL.43.pdf"}},"subtitle":[],"short-title":[],"issued":{"date-parts":[[2016]]},"references-count":0,"URL":"https:\/\/doi.org\/10.5935\/978-989-8655-73-8.2016c072","relation":{},"subject":[],"published":{"date-parts":[[2016]]}}}

Edições Pedago e Universidade de Évora

Uma década de aprendizagens (1997-2007): o caso de Terena (Alandroal)

Antónia

Didáticas do Alentejo
