{"status":"ok","message-type":"work","message-version":"1.0.0","message":{"indexed":{"date-parts":[[2022,4,2]],"date-time":"2022-04-02T10:08:38Z","timestamp":1648894118381},"reference-count":0,"publisher":"Departamento de Pedagogia e Educa\u00e7\u00e3o da Universidade de \u00c9vora","content-domain":{"domain":[],"crossmark-restriction":false},"short-container-title":[],"published-print":{"date-parts":[[2008]]},"DOI":"10.5935\/978-989-95802-0-6.2016c051","type":"book-chapter","created":{"date-parts":[[2016,12,21]],"date-time":"2016-12-21T11:58:43Z","timestamp":1482321523000},"page":"253-257","source":"Crossref","is-referenced-by-count":0,"title":["Dez anos de exist\u00eancia de uma escola comunit\u00e1ria"],"prefix":"10.5935","author":[{"given":"Bravo","family":"Nico","sequence":"first","affiliation":[]},{"given":"Lurdes Pratas","family":"Nico","sequence":"additional","affiliation":[]},{"given":"Dora","family":"Pacheco","sequence":"additional","affiliation":[]},{"given":"Patr\u00edcia","family":"Maur\u00edcio","sequence":"additional","affiliation":[]}],"member":"3948","published-online":{"date-parts":[[2008]]},"container-title":["Aprender no Alentejo \u2013 IV Encontro Regional de Educa\u00e7\u00e3o"],"original-title":[],"link":[{"URL":"http:\/\/dspace.uevora.pt\/rdpc\/bitstream\/10174\/18882\/1\/BN.C.35.pdf","content-type":"unspecified","content-version":"vor","intended-application":"similarity-checking"}],"deposited":{"date-parts":[[2016,12,28]],"date-time":"2016-12-28T18:54:38Z","timestamp":1482951278000},"score":1,"resource":{"primary":{"URL":"http:\/\/dspace.uevora.pt\/rdpc\/bitstream\/10174\/18882\/1\/BN.C.35.pdf"}},"subtitle":[],"short-title":[],"issued":{"date-parts":[[2008]]},"references-count":0,"URL":"https:\/\/doi.org\/10.5935\/978-989-95802-0-6.2016c051","relation":{},"subject":[],"published":{"date-parts":[[2008]]}}}

Departamento de Pedagogia e Educação da Universidade de Évora

Dez anos de existência de uma escola comunitária

Patrícia

Maurício

Aprender no Alentejo – IV Encontro Regional de Educação
