{"status":"ok","message-type":"work","message-version":"1.0.0","message":{"indexed":{"date-parts":[[2022,4,4]],"date-time":"2022-04-04T05:55:54Z","timestamp":1649051754027},"reference-count":0,"publisher":"Departamento de Pedagogia e Educa\u00e7\u00e3o da Universidade de \u00c9vora","content-domain":{"domain":[],"crossmark-restriction":false},"short-container-title":[],"published-print":{"date-parts":[[2008]]},"DOI":"10.5935\/978-989-95802-0-6.2016c052","type":"book-chapter","created":{"date-parts":[[2016,12,21]],"date-time":"2016-12-21T11:58:43Z","timestamp":1482321523000},"page":"375-379","source":"Crossref","is-referenced-by-count":0,"title":["O curr\u00edculo positivo em Educa\u00e7\u00e3o de Adultos: o caso da Escola Comunit\u00e1ria de S\u00e3o Miguel de Machede"],"prefix":"10.5935","author":[{"given":"Bravo","family":"Nico","sequence":"first","affiliation":[]},{"given":"Lurdes Pratas","family":"Nico","sequence":"additional","affiliation":[]},{"given":"Dora","family":"Pacheco","sequence":"additional","affiliation":[]},{"given":"Patr\u00edcia","family":"Maur\u00edcio","sequence":"additional","affiliation":[]}],"member":"3948","published-online":{"date-parts":[[2008]]},"container-title":["Aprender no Alentejo \u2013 IV Encontro Regional de Educa\u00e7\u00e3o"],"original-title":[],"link":[{"URL":"http:\/\/dspace.uevora.pt\/rdpc\/bitstream\/10174\/18875\/1\/BN.C.36.pdf","content-type":"unspecified","content-version":"vor","intended-application":"similarity-checking"}],"deposited":{"date-parts":[[2016,12,28]],"date-time":"2016-12-28T18:54:34Z","timestamp":1482951274000},"score":1,"resource":{"primary":{"URL":"http:\/\/dspace.uevora.pt\/rdpc\/bitstream\/10174\/18875\/1\/BN.C.36.pdf"}},"subtitle":[],"short-title":[],"issued":{"date-parts":[[2008]]},"references-count":0,"URL":"https:\/\/doi.org\/10.5935\/978-989-95802-0-6.2016c052","relation":{},"subject":[],"published":{"date-parts":[[2008]]}}}

Departamento de Pedagogia e Educação da Universidade de Évora

O currículo positivo em Educação de Adultos: o caso da Escola Comunitária de São Miguel de Machede

Patrícia

Maurício

Aprender no Alentejo – IV Encontro Regional de Educação
