{"status":"ok","message-type":"work","message-version":"1.0.0","message":{"indexed":{"date-parts":[[2022,3,30]],"date-time":"2022-03-30T12:01:00Z","timestamp":1648641660695},"reference-count":0,"publisher":"Departamento de Pedagogia e Educa\u00e7\u00e3o da Universidade de \u00c9vora","content-domain":{"domain":[],"crossmark-restriction":false},"short-container-title":[],"published-print":{"date-parts":[[2004]]},"DOI":"10.5935\/ref.20160004","type":"report","created":{"date-parts":[[2016,12,19]],"date-time":"2016-12-19T11:14:28Z","timestamp":1482146068000},"source":"Crossref","is-referenced-by-count":0,"title":["Aprender no Alentejo \u2013 II Encontro Regional de Educa\u00e7\u00e3o"],"prefix":"10.5935","author":[{"given":"Bravo","family":"Nico","sequence":"first","affiliation":[]},{"given":"Eduardo","family":"Costa","sequence":"additional","affiliation":[]},{"given":"Paulo","family":"Mendes","sequence":"additional","affiliation":[]},{"given":"Lurdes Pratas","family":"Nico","sequence":"additional","affiliation":[]}],"member":"3948","published-online":{"date-parts":[[2004]]},"container-title":[],"original-title":[],"link":[{"URL":"http:\/\/dspace.uevora.pt\/rdpc\/bitstream\/10174\/18779\/1\/BN.L.6.pdf","content-type":"unspecified","content-version":"vor","intended-application":"similarity-checking"}],"deposited":{"date-parts":[[2016,12,28]],"date-time":"2016-12-28T13:53:47Z","timestamp":1482933227000},"score":1,"resource":{"primary":{"URL":"http:\/\/dspace.uevora.pt\/rdpc\/bitstream\/10174\/18779\/1\/BN.L.6.pdf"}},"subtitle":[],"short-title":[],"issued":{"date-parts":[[2004]]},"references-count":0,"URL":"https:\/\/doi.org\/10.5935\/ref.20160004","relation":{},"subject":[],"published":{"date-parts":[[2004]]}}}

Departamento de Pedagogia e Educação da Universidade de Évora

Aprender no Alentejo – II Encontro Regional de Educação
